- 11*j**2 - j - 10. Let r be n(-11). Let f(h) = 23 - r - 4 + 13 - h. What is the tens digit of f(16)?
1
Let f(y) = 3*y**2 + 5*y + 8. Let p be f(-3). Let w = -9 + p. Let m = w + -5. What is the units digit of m?
6
Let m(i) = -26*i - 48. Let k(p) = -p**3 + 9*p**2 - 9*p + 2. Let t be k(8). What is the hundreds digit of m(t)?
1
Suppose 488 = -6*f - 214. Let y = -71 - f. Suppose l + 25 = y. What is the units digit of l?
1
Let j(q) = -24*q + 29. What is the hundreds digit of j(-29)?
7
Let k(x) = 8*x - 21. Suppose 3*f - 23 = -t, 2*f + 0*f - 8 = 3*t. What is the units digit of k(f)?
5
Let w(j) be the first derivative of 1 + j + 13/2*j**2 - 13/3*j**3 - 1/4*j**4. What is the units digit of w(-14)?
5
Let i = -4 - -8. Suppose -i*a - 3*x + x = -8, 0 = -5*a + 2*x + 19. Let v(b) = b**3 - 3*b**2 + 2*b. What is the units digit of v(a)?
6
Let i(v) = v**3 + 9*v**2 + 2*v - 5. Let w be i(-9). What is the units digit of (-1 + w)*(-84)/(-32)*-2?
6
Let y be 10/3*(-90)/(-75). Let q be y - 7 - (-2 + 9). Let v = -8 - q. What is the units digit of v?
2
Let y = -91 - -88. Let q(x) = 18*x**2 + 11*x + 29. What is the hundreds digit of q(y)?
1
Suppose 5*k - 163 - 19 = -3*s, -3*k + 122 = 5*s. Let z = 41 - k. What is the units digit of z?
7
Let z be ((-72)/(-54))/(1/18). Suppose r = -3*r + z. What is the units digit of r?
6
Suppose -114*x = -108*x - 1524. What is the units digit of x?
4
Suppose 5*g = 3*c - 12, -2*g + 2 = c - 2. Suppose -6*u + 9*u - 129 = g. What is the units digit of u?
3
Let w(d) = -d**3 + 5*d**2 - 2*d - 3. Let m be w(4). Suppose -4*c + 2*r + 902 = 288, 0 = -m*c - r + 778. What is the tens digit of c?
5
Let s = -1177 - -1667. What is the units digit of s?
0
Let h(k) = 3*k**3 - 5*k**2 + 12*k - 5. Suppose 0 = -m + 18 - 14. What is the hundreds digit of h(m)?
1
Suppose -5*b + 4*a = -306 - 2895, 4*b - 2532 = -4*a. What is the tens digit of b?
3
Let r = 10 - 2. Let u = r - 6. Suppose -u*t = t - 3. What is the units digit of t?
1
Let j = -8 - -9. Let x be (j - 3)/2*-5. Suppose 0 = -l + 2*l - x*k - 26, -2*l + 62 = -5*k. What is the units digit of l?
6
Let t = 8 + -4. Let b(o) = o**3 - 3*o**2 - 2*o + 1. Let p be b(t). What is the tens digit of 245/p - (-2)/(-9)?
2
Suppose 4 = 4*d - 2*d. Suppose 2*a = d*g - g + 213, 431 = 4*a + 3*g. Let k = -62 + a. What is the tens digit of k?
4
Suppose 34 = -4*p - 2. Let j be (p/3 - -5) + 30. Let b = 60 - j. What is the tens digit of b?
2
Let j = 532 + -372. What is the units digit of j - ((-2)/8 - 27/(-12))?
8
Let a(d) = -570*d + 426. What is the thousands digit of a(-6)?
3
Let l(r) = -863*r + 555. What is the thousands digit of l(-4)?
4
Let m = 502 + 1194. What is the tens digit of m?
9
Let n be (-6)/5*(-260)/6. Suppose 47*h = n*h - 605. What is the hundreds digit of h?
1
Suppose -8*c = -24 - 8. Suppose c*m - 49 = -l, -4*l + 295 = l - 5*m. What is the units digit of l?
7
Suppose 2*n - 4080 = -5*c, 98 = -c - 3*n + 927. What is the hundreds digit of c?
8
Let q(w) = w**2 + 10*w - 10. Let x = -1 - -7. What is the tens digit of q(x)?
8
Suppose 3*d - 5*d - 26 = 0. Let x = 17 + d. Suppose 15 = -5*o, 2*n + 3*n - 13 = -x*o. What is the units digit of n?
5
What is the thousands digit of 593236/224 + -3 + 63/24?
2
Let v = 39 + -28. Suppose -v*q = -6*q - 110. What is the units digit of q?
2
Let t = 1 - 5. Let c be 2/t*(9 + -9). Suppose 0 = -3*m - 4*x + 78, -2*m - 4*x + c*x = -48. What is the tens digit of m?
3
Let m be 68/10*(58 + -3). Let p = 575 - m. What is the tens digit of p?
0
What is the hundreds digit of (0 + (-6)/3)/((-4)/694)?
3
Suppose 2 = 3*w - 2*w. Suppose -l - 1 = -w. Let m = l + 16. What is the units digit of m?
7
Let x(v) = -5*v**3 - 11*v**2 + 8*v + 19. What is the tens digit of x(-6)?
5
Let m = 6 + -8. Let x be (m - (3 - 1)) + 0. What is the units digit of (248/x)/((-4)/2)?
1
What is the thousands digit of 2/9 - 211300/(-90)?
2
Let n(h) = 50*h. Let r be n(-1). What is the tens digit of 1/(r/(-24) - 2)?
1
Let s(x) = x**3 - 50 - 28*x**2 + 24 + 25 + 8*x**2 + 42*x. What is the hundreds digit of s(18)?
1
Let o = -7 - -12. Suppose -4*j + 48 = y, o*j + 4*y - 3*y - 61 = 0. Suppose 12*m = j*m - 30. What is the tens digit of m?
3
Let i(b) = b**2 + 5*b - 5. Let f = -10 - -7. Let m be i(f). Let p(c) = -c**3 - 10*c**2 + 11*c + 14. What is the units digit of p(m)?
4
Let g(w) = w + 13. Let i be g(-14). What is the tens digit of (6/(-15))/(i/185)?
7
Suppose 447*k = 442*k + 1625. What is the tens digit of k?
2
Suppose 0 = -8*w + 4*w - 4*m + 8020, 0 = 5*w - m - 10025. What is the hundreds digit of w?
0
Let q = -44 + 31. Let v = 22 - q. Let w = 53 - v. What is the units digit of w?
8
Suppose -9*b - 2*z = -4*b - 8, -3*z + 12 = 0. Suppose b = -r + t + 114, 5*r - 325 - 239 = -t. What is the units digit of r?
3
Let d be (-10)/(-3)*12/5. Suppose 0 = 6*h - d*h + 14. Let o(c) = 4*c - 1. What is the units digit of o(h)?
7
What is the tens digit of -1*(-2369 + 0) - 7?
6
Let z(p) = 5 + 0*p + 5 + p - 7 + p**2. Let c be z(3). Let f = c + 4. What is the tens digit of f?
1
Suppose 23 = 5*w - 2*z + 8, -3*z = 4*w - 35. Let s(y) = -8*y + 6. Let v be s(w). Let k = -16 - v. What is the units digit of k?
8
Suppose -64*m = -50*m - 8050. What is the units digit of m?
5
Let d(s) = -s**3 - 7*s**2 - s + 6. Let g be d(-5). Let i = 38 + g. What is the units digit of (0 - i)*(17 - -5)?
2
Suppose -134 - 164 = -2*r. Suppose -3*d + r = -1. Suppose 4*h + 2*g = -d + 178, -4*h = 3*g - 130. What is the tens digit of h?
3
Suppose 8*g + 47 - 71 = 0. Suppose 0 = -g*k + 582 + 309. What is the hundreds digit of k?
2
Let k = 859 - 502. Let c = k + -74. What is the tens digit of c?
8
Let d(o) = -o**2 + 7*o. Let j be d(7). Let t be j*(0 + 3/(-3)). Suppose -m + 16 = n, -2*n + 7*n + 25 = t. What is the tens digit of m?
2
Let a = 31 - 15. Let k = a + -12. Suppose -5*h + 3*b + 100 = 0, -4*h = h + k*b - 65. What is the units digit of h?
7
Let a(j) = -401*j + 212. What is the tens digit of a(-6)?
1
Let k be ((-3)/2)/(12/(-1880)). Suppose -8*h + k = -3*h. What is the units digit of h?
7
Let i(h) be the first derivative of 3*h**2/2 - 15*h + 5. Let o be i(6). Suppose 2*z + o = 29. What is the units digit of z?
3
Suppose 2*p + 12 = 3*n - p, n = 5*p. Suppose -g + 15 = -u + 4*g, -n*u - 12 = -4*g. Suppose u = -4*z + 33 + 35. What is the tens digit of z?
1
Suppose -3*f = 3*a - 921, 2*a - 2*f = -6*f + 616. Let y = a + -188. What is the hundreds digit of y?
1
Suppose -5*n - 21 = -4*u, u + 2*u - 11 = -n. Let f = n + 4. Suppose f*z + 16 - 88 = -3*l, -20 = 4*l. What is the units digit of z?
9
Suppose 0 = 3*q - 3, 3*q = 2*v - 2*q + 13. Let b be 15/(-20) + 1/v. What is the units digit of b*(20/2)/(-1)?
0
Suppose u - 3 = 0, 2*b = u - 6*u + 127. Let z(c) = -c - 2. Let y be z(-8). Suppose 2*w = y*w - b. What is the units digit of w?
4
What is the units digit of 20277/21 - (-3)/7?
6
Let y = 21 + -13. Let a be -7 + 6 - 6/(-2). Let p = a + y. What is the tens digit of p?
1
Let f be (14 + -17)/(1 - 2/8). Let d(u) = 15*u**2 + 7*u + 7. What is the units digit of d(f)?
9
Let i(y) be the third derivative of -y**5/12 - y**4/8 - y**3/6 - 2*y**2. Let g be i(-4). Let o = -9 - g. What is the units digit of o?
0
Let u = 61 + -56. Suppose 2*n = -n - 4*w + 33, u*w + 6 = 3*n. What is the units digit of n?
7
What is the hundreds digit of 7 + -2 + -42*(-970)/30?
3
Let v(a) = 62*a - 293. What is the thousands digit of v(23)?
1
What is the units digit of ((-336)/(-20)*-1)/(6/(-100))?
0
Suppose -3*d + 0*y + 707 = -y, -d - 4*y = -240. Suppose 494 = 5*a - d. What is the hundreds digit of a?
1
Let g = -89 + 30. Let k = 13 - g. What is the units digit of k?
2
Let h(p) = 5*p - 16. Suppose -5*f - 33 = -2*m, 3*m - 6*f - 67 = -2*f. What is the units digit of h(m)?
9
Let u be -4*(-6 - -2) + -5. Suppose m = -u*m + 1404. What is the units digit of m?
7
Let g(t) = -t**3 - 15*t**2 + 3. Let f be g(-15). Suppose 0*q + 4*x = f*q + 6, -4*x = q - 14. Suppose c + q*c = 126. What is the units digit of c?
2
Let n(y) = -14*y + 2. Let o be n(-5). Suppose 11*c - 982 = 1152. Suppose -j = 5*f - c, 0*j + j = 2*f - o. What is the tens digit of f?
3
Let d = -782 - -1309. What is the hundreds digit of d?
5
Let c(y) = 3*y**2 + 16*y + 345. What is the tens digit of c(-21)?
3
Let u(n) = 2*n + 2*n + 2 - n. Let l be u(10). Suppose 0 = -4*j + 2*j + l. What is th